1 (base 2) in base 4?
-11013211131
What is 2a566 (base 11) in base 6?
532153
Convert -54755 (base 12) to base 16.
-1b431
What is -2ca15 (base 15) in base 9?
-238502
Convert -16e11e (base 15) to base 16.
-10f265
28164242 (base 9) to base 15
134e232
What is 31122320 (base 4) in base 14?
16064
Convert -15042103 (base 6) to base 9.
-870673
Convert -823435 (base 13) to base 4.
-23210322121
Convert 31a4995 (base 12) to base 11.
5356268
Convert -10201551 (base 6) to base 4.
-1020033223
What is -1b5350b (base 13) in base 14?
-12bc308
Convert 3752215 (base 9) to base 5.
1010321410
-120100100210100 (base 3) to base 6
-450450443
What is 1392219 (base 10) in base 6?
45501243
-100141 (base 10) to base 13
-36772
14322651 (base 7) to base 3
2112121101000
Convert 63629a (base 12) to base 13.
42aa17
-1063562 (base 7) to base 14
-36869
Convert 32552555 (base 6) to base 5.
222313002
-10292846 (base 11) to base 12
-681a102
What is 3325731 (base 8) in base 6?
31111545
-642242 (base 8) to base 9
-355715
137bc34 (base 14) to base 6
534232314
What is 342352 (base 9) in base 3?
101102101202
What is 4ca04 (base 15) in base 10?
245254
Convert 2906743 (base 13) to base 15.
121eaba
1122012212121 (base 3) to base 4
3110132332
What is -11313003 (base 5) in base 14?
-29d3a
2114324210 (base 5) to base 6
235203424
404427 (base 9) to base 3
110011110221
-410210243 (base 5) to base 11
-a25934
63552 (base 14) to base 6
5050032
What is 7cb94e (base 15) in base 10?
5962349
176e5 (base 16) to base 10
95973
What is -199a5 (base 14) in base 13?
-23798
-7405a (base 12) to base 9
-251617
What is -20db2b (base 15) in base 3?
-2221111222012
What is 433173 (base 8) in base 9?
240832
Convert -110101101211 (base 3) to base 11.
-157177
Convert 1213220310 (base 4) to base 13.
11b2ab
Convert -21103132 (base 4) to base 14.
-dc62
-1100110111100001 (base 2) to base 12
-26601
What is -5325bb (base 12) in base 7?
-14066150
-49124 (base 16) to base 13
-a6301
What is 3bf58 (base 16) in base 9?
413800
Convert 125085 (base 9) to base 7.
434156
What is -1039341 (base 11) in base 10?
-1827871
12321121113 (base 4) to base 12
732333
Convert 120110002110 (base 3) to base 4.
1022032323
21020202 (base 4) to base 8
111042
Convert 265543 (base 8) to base 15.
1c86c
What is 4164026 (base 7) in base 15?
9e16b
What is 1113314 (base 5) in base 8?
46572
Convert -170a30 (base 15) to base 3.
-2002200221000
Convert 10110011210020 (base 3) to base 2.
110111111110000011000
Convert 381a6 (base 13) to base 4.
121102030
Convert -1672231 (base 9) to base 11.
-588234
Convert 409963 (base 13) to base 4.
11233303303
What is 2021533 (base 6) in base 8?
274101
What is -301863 (base 14) in base 12?
-660327
-1411023202 (base 5) to base 7
-42456564
Convert 151a05 (base 11) to base 4.
321310002
What is 1011100110011110000 (base 2) in base 4?
1130303300
Convert a64004 (base 13) to base 10.
3893088
Convert -204216 (base 10) to base 2.
-110001110110111000
Convert -30113133131 (base 4) to base 10.
-3241949
-2a6da (base 14) to base 8
-316250
What is 16023216 (base 8) in base 9?
6827762
-392a6 (base 11) to base 13
-1c7b9
-11c78c (base 14) to base 6
-21031052
Convert -6336 (base 7) to base 10.
-2232
Convert 1000010001111101001101 (base 2) to base 16.
211f4d
Convert -1015151 (base 6) to base 3.
-2111100111
What is -b2d99 (base 14) in base 10?
-430747
What is -6397 (base 12) in base 14?
-3d99
What is 12c5a3 (base 14) in base 3?
1012221212012
412643 (base 8) to base 9
227350
-34e4e (base 16) to base 12
-a5466
What is -26415 (base 9) in base 5?
-1032314
What is 1196769 (base 10) in base 5?
301244034
-983 (base 16) to base 7
-10046
439812 (base 15) to base 12
10b43bb
Convert 11352013 (base 7) to base 11.
626613
What is 16670 (base 9) in base 12?
6790
What is -1330100131 (base 4) in base 8?
-1742035
What is 1001001100110011011 (base 2) in base 9?
508473
What is -31279a (base 11) in base 4?
-1322122210
What is -48880 (base 16) in base 8?
-1104200
Convert -7027550 (base 8) to base 4.
-13002331220
What is -b771b (base 13) in base 2?
-1010000110000000101
Convert 4531613 (base 7) to base 4.
2021110301
What is -620726 (base 8) in base 4?
-302013112
21012011120 (base 3) to base 8
424355
What is 108694 (base 10) in base 8?
324226
-2097b1 (base 15) to base 14
-2c5282
33112223 (base 4) to base 12
3048b
Convert -b710 (base 13) to base 7.
-133642
Convert -20d6ea (base 15) to base 11.
-979226
Convert -9311a8 (base 15) to base 7.
-113262014
-43066225 (base 7) to base 8
-15763524
1110010010110111 (base 2) to base 11
3aa99
Convert 15ab29 (base 12) to base 8.
1325321
What is 21213543 (base 8) in base 14?
85c1c7
What is 1011100011011011101 (base 2) in base 15?
77294
Convert 13350004 (base 7) to base 9.
2287427
What is -110010011000111111111 (base 2) in base 5?
-410314244
-95465 (base 16) to base 9
-1131645
-223239 (base 15) to base 12
-667799
Convert 617741 (base 9) to base 13.
cab01
Convert -28612 (base 11) to base 10.
-40669
c5abc (base 15) to base 9
1154726
-28b006 (base 12) to base 7
-5541663
Convert -255014054 (base 6) to base 16.
-4c3552
What is -20000755 (base 8) in base 4?
-100000013231
Convert -31ecb3 (base 16) to base 7.
-36544643
What is -34496 (base 15) in base 3?
-22110021120
Convert -22321 (base 14) to base 6.
-1435545
462b2 (base 14) to base 7
1310412
13046061 (base 8) to base 15
3c5294
Convert 98448 (base 10) to base 14.
27c40
What is -26c989 (base 13) in base 6?
-32104514
What is 28345 (base 13) in base 3?
10211020111
10010000011110100010110 (base 2) to base 15
637b05
Convert -1012221022 (base 4) to base 6.
-10111334
-113101254 (base 6) to base 12
-85782a
Convert -1220220102202 (base 3) to base 4.
-3321123032
-6aa174 (base 11) to base 5
-242014403
331631 (base 8) to base 15
23093
What is -213300210 (base 4) in base 3?
-22021101120
Convert aa09 (base 12) to base 14.
6b7b
What is 5160152 (base 9) in base 15?
3967b8
What is -1a211 (base 11) in base 13?
-cab8
Convert 1cb05d (base 16) to base 6.
104144233
-11a0147 (base 11) to base 14
-3c1a1c
424427 (base 10) to base 15
85b52
Convert -659501 (base 15) to base 7.
-56101225
Convert 33340442 (base 8) to base 2.
11011011100000100100010
Convert -355236 (base 7) to base 16.
-fb0a
Convert -5043105 (base 7) to base 2.
-10010010001110010100
Convert c93aa (base 13) to base 16.
58a90
-25075 (base 8) to base 4
-2220331
Convert 166544 (base 7) to base 5.
2033143
-111270 (base 8) to base 9
-56463
What is 2253aa (base 13) in base 6?
25220112
Convert 110311011 (base 5) to base 4.
1310322201
What is 85033 (base 10) in base 7?
502624
What is 1876616 (base 11) in base 7?
35645303
-1f273 (base 16) to base 6
-2422431
467c7 (base 13) to base 7
1044300
-3297039 (base 10) to base 6
-154400023
What is -331242214 (base 6) in base 2?
-10110101011110011000010
Convert -2042452 (base 6) to base 9.
-160845
Convert -1235320 (base 6) to base 5.
-4123141
31435 (base 12) to base 16
fc29
What is -1b1a5 (base 16) in base 5?
-12023023
Convert 133a6 (base 15) to base 13.
22050
What is -1db632 (base 15) in base 13?
-3bc969
ee395b (base 16) to base 11
88a3796
What is 2369c (base 16) in base 2?
100011011010011100
-a45697 (base 14) to base 13
-11c2a12
-10120321 (base 5) to base 12
-3b962
-401632 (base 7) to base 6
-1242144
-113303142 (base 5) to base 14
-d96a2
Convert 62415 (base 7) to base 8.
35704
120601533 (base 7) to base 2
11100101010010011111101
Convert 514517 (base 10) to base 12.
209905
Convert -89c6b2 (base 16) to base 4.
-202130122302
What is 13021300233 (base 4) in base 5?
434444431
What is -101000001000000011110 (base 2) in base 8?
-5010036
What is 30211221130 (base 4) in base 11?
1954319
What is b09262 (base 12) in base 13?
755144
What is 1401200 (base 5) in base 9?
42734
What is -12a607 (base 12) in base 13?
-aa524
Convert 223409 (base 16) to base 2.
1000100011010000001001
Convert 1042244441 (base 5) to base 10.
2306246
What is -31100443 (base 5) in base 14?
-68412
What is 330033231 (base 4) in base 3?
110112111110
Convert -20112102210 (base 3) to base 8.
-373156
What is 2c3aa3 (base 14) in base 10?
1546975
Convert -186458 (base 12) to base 7.
-3422126
What is -21002222020 (base 3) in base 7?
-1122003
What is 11010000000000010000 (base 2) in base 10?
851984
What is 205011503 (base 6) in base 11?
2035421
What is 21004235 (base 6